= 22*m(r) + 4*t(r). Let q be c(-1). Let f = -80 - q. What is the remainder when f is divided by 20?
14
Let s = 10697 - 10605. Suppose -6*g = -4*g - 256. Let c = g - s. Calculate the remainder when 66 is divided by c.
30
Suppose 0 = 9*y + 14 - 329. Suppose y*i - 130 = 22*i. What is the remainder when 29 is divided by i?
9
Let h(r) = -r**3 - 28*r**2 + 83*r + 294. Calculate the remainder when h(-31) is divided by 99.
10
Suppose -34*b + 36*b - 4*o = 14, 5*b - 3*o = 42. What is the remainder when 75 is divided by -1 + 0 + 1 - (-54)/b?
3
Suppose -32 = -z - 2*z + f, -2*z - 2*f = -32. Let i be (-26)/65 - (-2)/5. Let c(p) = 5*p + 21. Calculate the remainder when c(i) is divided by z.
9
Let a(s) = s**2 + s + 1. Suppose -3*y + 184 = 7*c - 2*c, 2*y - 4*c - 130 = 0. What is the remainder when a(3) is divided by (y/(-7) - 0)*(-1 - 0)?
4
Let l(v) = 569*v**2 + 13*v + 2. Calculate the remainder when l(-1) is divided by 80.
78
Let q(r) = r**2 + 21. Let j be q(0). Let u = 1989 - 1930. What is the remainder when u is divided by j/(-2)*(-1 + -1)?
17
Let y = -9586 + 9686. What is the remainder when 885 is divided by y?
85
Suppose -35*j + 2046 - 611 = 0. What is the remainder when 571 is divided by j?
38
Suppose 84*u = 10443 - 3471. Calculate the remainder when 357 is divided by u.
25
Let g(o) = -o**2 + 7*o + 2. Let p be g(7). Let v(u) = -u + 2. Let z be v(p). Calculate the remainder when (176 - 3)*1 - (z + 2) is divided by 43.
42
Let x(i) = 3*i + 31. Let h be ((-12)/(-18))/(-4*1/(-30)). Let d(z) = 3*z + 31. Let k(n) = h*x(n) - 4*d(n). Calculate the remainder when k(-3) is divided by 8.
6
Suppose 3*m + 3*h = 138, 2819 = 5*m - 4*h + 2481. Let x = 48 + -24. Calculate the remainder when m is divided by x.
10
Let f(v) = -6*v + 45. Let u be f(-11). What is the remainder when 49 is divided by u*(-5)/15*1/(-1)?
12
Let z(c) = -6*c + 85. Suppose -3*g - 3*w + 18 = -0, -4*w = -2*g + 18. What is the remainder when 109 is divided by z(g)?
23
Let n = 140 - 171. Let y = n - -140. What is the remainder when y is divided by 19?
14
Let o(c) = -c**2 - 34*c + 82. Let a be 6 - -1 - (-172)/(-4). What is the remainder when 143 is divided by o(a)?
3
Calculate the remainder when (105/(-42))/(5/(-628)) is divided by 17.
8
Suppose 4*w + 64 = 2*k, 3*w - 26 + 11 = -2*k. Suppose -t + 179 = 2*s - 0*t, -97 = -s - 2*t. What is the remainder when s is divided by k?
15
Let r = -784 - -788. Let p(h) = 34*h - 117. Calculate the remainder when 155 is divided by p(r).
3
Let c = -370 - -389. Let z(b) = -6*b - 23. Let t be z(-15). Let d = t + -12. Calculate the remainder when d is divided by c.
17
Let t = 260 + -396. Let x = 42 + t. Calculate the remainder when 60 is divided by x/(-4) - 5/10.
14
Let f = -18402 + 19275. What is the remainder when f is divided by 25?
23
Let p(j) = 17*j**2 + 2*j - 3. Suppose -2*v + 131 = 3*g, -98 = -2*g - 6*v + 2*v. Let r = -40 + g. What is the remainder when 31 is divided by p(r)?
15
Suppose 0 = -n + 68 + 7. Suppose -3*u - 6498 = 2*m - 6576, -2*u + 52 = 5*m. Calculate the remainder when n is divided by u.
23
Let o be (7/(-3))/(5/15). Let j = -2 - o. Let n = 404 - 401. Calculate the remainder when j is divided by n.
2
Calculate the remainder when 230 is divided by 14/(-1 - -3) + 4.
10
Let a be (6 + -10 + 3)*(0 + -43). Suppose 5*c - 108 = -a. Calculate the remainder when 425 is divided by c.
9
Let v(k) = 2*k**2 + 8*k - 54. Let t be v(-22). Let j = t + -524. Calculate the remainder when j is divided by 4.
2
Suppose 0*q + 6 = 2*q. Suppose -1 = -q*h - u, 2*u + 4 = -h - 2*h. Suppose 0*y = h*y - 100. What is the remainder when y is divided by 13?
11
Let r(v) = -v**2 - 3*v + 102. Let z = -364 + 364. Calculate the remainder when r(z) is divided by 28.
18
Let i(a) = a**3 + 8*a**2 - 11*a - 20. Let q be (-5)/((1/(-3))/(1/3)). What is the remainder when i(q) is divided by 12?
10
Let q(p) be the third derivative of p**5/30 - p**4/12 - 23*p**3/6 - 75*p**2. What is the remainder when q(6) is divided by 14?
9
Let p = -15595 + 16697. Calculate the remainder when p is divided by 32.
14
Suppose -12*r - 6 = -13*r. Suppose 4*d - 47 = -w, r*w + 5*d = 2*w + 133. Calculate the remainder when 87 is divided by w.
6
Suppose 0 = -5*y - 4*v + 52, 56 = 5*y - 6*v + 8*v. What is the remainder when (24/10)/((-6)/(-105)) is divided by y?
6
Suppose c - 10 = -4*c, -4*a + 260 = -2*c. What is the remainder when 778 is divided by a/44 + 98/4?
24
Calculate the remainder when 260 is divided by (2 + 5/(-2))*(38 + -572 + 14).
0
Calculate the remainder when ((-70)/77 + 1/(-11))*-221 is divided by 103.
15
Suppose -p - 3 = 0, y + p - 48 = -13. Let w(k) = 10*k**2 - 4*k + 4. What is the remainder when y is divided by w(1)?
8
Let q be (-16)/(-2) - (-2)/(-8)*0. Calculate the remainder when 37 + (-8 - q/(-2)) is divided by 3.
0
Let m(j) = 3*j + 2. Let k be m(0). Suppose 5*o - 830 = -5*g, 0 = k*o + 6. Let i = g - 100. What is the remainder when i is divided by 14?
13
Suppose 5*l = a + 15, -6*l + 5*l + a + 3 = 0. Suppose 3*d + 5*i = 127, -l*i = 1 - 16. What is the remainder when 77 is divided by d?
9
Suppose -914*z + 946*z = 1728. What is the remainder when 4641 is divided by z?
51
Let i be (-257)/(-9) - 20/(-45). Suppose 3*x - 104 = -i. Calculate the remainder when 72 is divided by x.
22
Suppose 3*p + 85*t - 88*t = 1245, -2*p + 802 = 5*t. What is the remainder when p is divided by 88?
59
Suppose 0 = 10*s + s - 2090. Suppose -2*c - 2*p = 2*c - s, 239 = 5*c + p. Let i = 1 + 25. What is the remainder when c is divided by i?
22
Suppose -3*c - 4*h + 609 = 0, 0 = -25*c + 28*c - 4*h - 633. What is the remainder when c is divided by 31?
21
Let c = -3 + 7. Suppose -c*j - k = -52, -j + 18 = -k - 0*k. Suppose 5*n = 4*n - 5*v + 68, -136 = -2*n - 2*v. What is the remainder when n is divided by j?
12
Let z(v) = 2*v + 33. Let s be z(-14). Let u(d) = 2*d**3 - d**2 - 4*d + 6. Let w be u(s). Let x = 298 - w. Calculate the remainder when x is divided by 22.
21
Suppose -5*y + 19860 = -5*t, -3*y + 4593 = -4*t - 7325. What is the remainder when y is divided by 102?
94
Let x(n) = 6*n + 7 + 6*n - 58. Suppose 4*r - 24 - 308 = 0. Calculate the remainder when r is divided by x(6).
20
Suppose -327 = q - 328. What is the remainder when 423 is divided by ((-3)/(-5) - q) + (-714)/(-10)?
68
Let j be -3 + (-6 - -2) + 20. Suppose -g - 4572 = -j*g. Suppose 0 = -12*o + g + 255. Calculate the remainder when o is divided by 15.
8
Let m(n) = 18*n - 248. Let u be m(14). Calculate the remainder when 333 is divided by 8/(-14) - ((-2120)/35 + u).
53
Let u be 75/(-10)*4/(-6). Let y(i) = -i**3 + 7*i**2 - 4*i - 27. What is the remainder when 17 is divided by y(u)?
2
Let u be 6/9 + (-5)/3. Let p(j) = 101*j + 412. What is the remainder when u/(2/(-2)) + 30 is divided by p(-4)?
7
Let g = 285 + -196. Let c = 11 - -54. Let o = g - c. Calculate the remainder when 44 is divided by o.
20
Suppose 0*o + 2488 = 4*o. Let k = o - 282. Calculate the remainder when k is divided by 11.
10
Let u(q) = -q**3 + 41*q**2 + 411*q - 99. Calculate the remainder when u(49) is divided by 17.
16
Let f = -19776 + 19884. What is the remainder when 373 is divided by f?
49
Suppose -6 = 2*j - 5*j, -3*h + j = -64. Suppose -c + 2*w + 43 = 0, 5*w + 265 = -46*c + 51*c. Calculate the remainder when c is divided by h.
19
Let x = 79 + 133. Suppose -3*v - x = -2*f, 4*f + 7*v - 9*v = 440. Calculate the remainder when f is divided by 39.
34
Let t be (-12)/10*26640/(-108). Let i = t + -266. What is the remainder when 32 is divided by i?
2
Let u(m) = -37*m**3 + m**2 + 2*m + 4. Let a be u(-2). Suppose 0*v = -2*v + a. Let x = v - 140. Calculate the remainder when 48 is divided by x.
8
Let c(u) = u**2 + 59*u + 252. Let t(y) = 6*y**2 - 5*y + 1. What is the remainder when t(-4) is divided by c(-55)?
21
Let n = -63 + 93. Suppose t - 3*t = -34. Let i = n + t. Calculate the remainder when i is divided by 12.
11
Let x(f) = 5*f + 19. Let q = -1360 - -1390. What is the remainder when x(8) is divided by q?
29
Suppose 0 = 11*s - 6*s + 30. Let b = 23 + s. Suppose 0 = -0*f - 5*f + 145. Calculate the remainder when f is divided by b.
12
Suppose j = 6*j - 55. What is the remainder when 15 is divided by 0 + -2 + (j - 4)?
0
Suppose 2*s = 2*f - 150, -34*f - 60 = -35*f - 2*s. Calculate the remainder when f is divided by 53.
17
Supp